(base 3) in base 2?
-10111010011110
130343 (base 6) to base 3
121012000
267 (base 10) to base 3
100220
-2240 (base 14) to base 10
-5936
Convert -1003331 (base 4) to base 2.
-1000011111101
-314 (base 5) to base 13
-66
What is 2062 (base 9) in base 12?
a62
21102232 (base 4) to base 7
215653
What is -12343 (base 5) in base 6?
-4301
-10110101101010 (base 2) to base 11
-880a
Convert -2157 (base 8) to base 4.
-101233
What is -2211222 (base 3) in base 2?
-100000011110
2c (base 14) to base 5
130
What is 11120210 (base 3) in base 12?
1b26
22112112 (base 3) to base 14
23a8
-2113 (base 10) to base 6
-13441
What is -200 (base 10) in base 13?
-125
What is 5968 (base 12) in base 6?
114212
-110230 (base 4) to base 3
-1211001
-1c50 (base 14) to base 11
-3977
Convert 12120 (base 6) to base 4.
123300
What is -1011110 (base 3) in base 4?
-31101
What is 1010121 (base 4) in base 15?
146c
Convert -311210 (base 4) to base 3.
-11200222
-1111110 (base 2) to base 11
-105
What is 40427 (base 9) in base 2?
110011111100001
-5c06 (base 15) to base 14
-71c9
What is -1113212 (base 4) in base 6?
-41542
790 (base 11) to base 14
4b8
39 (base 11) to base 10
42
-1119a (base 11) to base 16
-3f4a
-311001 (base 4) to base 7
-12615
Convert -333 (base 9) to base 11.
-229
What is -112222 (base 4) in base 3?
-1222201
What is 10002 (base 4) in base 11?
215
Convert -684 (base 10) to base 2.
-1010101100
What is -2225 (base 7) in base 9?
-1082
-3054 (base 7) to base 2
-10000101100
5707 (base 12) to base 15
2cda
What is 2006 (base 7) in base 5?
10232
-318c (base 13) to base 4
-1223130
What is 211121 (base 3) in base 2?
1001100010
Convert 564 (base 8) to base 9.
453
Convert 1017 (base 12) to base 15.
7b7
What is 10550 (base 6) in base 12?
a56
What is 505 (base 6) in base 16?
b9
1fa (base 16) to base 13
2cc
Convert -1919 (base 11) to base 16.
-988
Convert -36603 (base 9) to base 14.
-8d34
Convert -54015 (base 7) to base 15.
-3e79
-429 (base 11) to base 7
-1334
What is -5b3 (base 14) in base 9?
-1503
-2323 (base 9) to base 13
-a26
Convert -32a8 (base 15) to base 16.
-29ed
Convert -97a (base 14) to base 9.
-2510
2011 (base 8) to base 7
3004
14137 (base 8) to base 4
1201133
What is -1111111110 (base 2) in base 16?
-3fe
What is -3a19 (base 11) in base 10?
-5223
Convert -2336 (base 11) to base 8.
-5770
What is -44667 (base 11) in base 14?
-19807
Convert -9c49 (base 13) to base 3.
-1002222201
Convert 30023 (base 4) to base 6.
3335
Convert 9096 (base 12) to base 8.
36462
-927 (base 16) to base 7
-6555
Convert 111010110000 (base 2) to base 15.
11aa
Convert -3022003 (base 4) to base 14.
-49d9
22021331 (base 4) to base 2
1010001001111101
What is 20220 (base 3) in base 14?
d4
What is 11111010011010 (base 2) in base 8?
37232
What is 10000101 (base 3) in base 2?
100010010101
Convert -2a91 (base 14) to base 15.
-23a0
213 (base 6) to base 2
1010001
Convert 321131 (base 4) to base 11.
2843
Convert -122121022 (base 3) to base 14.
-4969
What is 114 (base 11) in base 5?
1021
What is -7780 (base 9) in base 14?
-2142
-1375 (base 14) to base 4
-311223
What is -31421 (base 7) in base 16?
-1e4d
What is 35 (base 8) in base 10?
29
-1662 (base 7) to base 2
-1010101001
1 (base 10) to base 13
1
Convert -103 (base 13) to base 2.
-10101100
Convert -2424 (base 7) to base 16.
-384
Convert -588 (base 15) to base 4.
-103211
Convert -131213 (base 4) to base 15.
-865
-52 (base 10) to base 9
-57
8443 (base 9) to base 13
2a87
What is -134371 (base 8) in base 11?
-32639
Convert 4262 (base 9) to base 12.
1992
Convert -112131 (base 5) to base 2.
-111111001001
What is -101212221 (base 3) in base 6?
-100424
What is -424 (base 7) in base 6?
-554
Convert -1211102121 (base 3) to base 7.
-210025
7246 (base 9) to base 6
40323
Convert 4124 (base 6) to base 3.
1020221
Convert -1564 (base 8) to base 13.
-530
98e (base 15) to base 12
12bb
What is -52b (base 13) in base 2?
-1101110010
Convert -10225 (base 7) to base 12.
-155a
Convert -7a9 (base 15) to base 7.
-5025
-101300 (base 5) to base 4
-303331
What is 98da (base 14) in base 6?
322252
-32b (base 15) to base 8
-1314
-8658 (base 10) to base 11
-6561
What is 254 (base 10) in base 13?
167
What is 201200 (base 3) in base 10?
531
What is 112222022 (base 3) in base 13?
4c79
Convert 376 (base 8) to base 11.
211
Convert -4338 (base 14) to base 3.
-120221011
What is -22111 (base 3) in base 15?
-104
What is -12112010 (base 3) in base 15?
-12d6
What is 12123120 (base 4) in base 5?
1320303
Convert -3112300 (base 4) to base 13.
-6343
What is -2941 (base 10) in base 6?
-21341
What is 1111100110110100 (base 2) in base 3?
10020200120
What is -1931 (base 10) in base 7?
-5426
What is -33100 (base 7) in base 8?
-20131
What is 7451 (base 10) in base 13?
3512
Convert -2213 (base 5) to base 2.
-100110100
What is 7405 (base 8) in base 12?
2285
-315231 (base 7) to base 5
-3222112
432 (base 8) to base 2
100011010
102012 (base 3) to base 9
365
What is 1f (base 16) in base 10?
31
What is -aa (base 11) in base 4?
-1320
-4205 (base 7) to base 16
-5c3
Convert -1001202 (base 3) to base 2.
-1100001000
2a44 (base 12) to base 13
2338
What is -2263 (base 12) in base 4?
-323223
10212 (base 4) to base 7
600
Convert 9b50 (base 14) to base 10.
26922
What is 457 (base 13) in base 15?
34d
Convert d8 (base 16) to base 10.
216
-100100100 (base 2) to base 13
-196
Convert -90de (base 16) to base 13.
-13b5a
Convert -56 (base 10) to base 13.
-44
What is -432 (base 10) in base 4?
-12300
11101110011 (base 2) to base 4
131303
-1001202 (base 3) to base 6
-3332
16028 (base 11) to base 16
5881
What is 101101011 (base 2) in base 10?
363
What is -30001 (base 5) in base 7?
-5320
-4305 (base 10) to base 9
-5813
What is -a84 (base 15) in base 6?
-14554
Convert 2221 (base 8) to base 11.
973
What is -b5 (base 14) in base 8?
-237
What is -210101111 (base 3) in base 10?
-15592
Convert -13112 (base 7) to base 14.
-13b2
5c4 (base 15) to base 10
1309
What is 119 (base 13) in base 2?
10111111
What is -457 (base 10) in base 8?
-711
Convert 721 (base 11) to base 12.
606
-2144 (base 6) to base 11
-411
What is -72c (base 15) in base 6?
-11253
What is -20249 (base 10) in base 2?
-100111100011001
-4022 (base 7) to base 9
-1812
111011000101110 (base 2) to base 15
8e6e
Convert -348 (base 10) to base 9.
-426
369 (base 15) to base 2
1100000110
13120323 (base 4) to base 10
30267
What is 31230 (base 4) in base 16?
36c
What is 11010 (base 6) in base 3?
2002020
Convert 7b7 (base 14) to base 6.
11033
-100011010001 (base 2) to base 6
-14241
3f9 (base 16) to base 2
1111111001
What is -12140 (base 5) in base 10?
-920
Convert -2401332 (base 5) to base 8.
-125677
1423120 (base 5) to base 16
7459
-1000100101 (base 2) to base 5
-4144
Convert -378 (base 14) to base 3.
-221201
What is -16587 (base 10) in base 16?
-40cb
What is -9a8 (base 14) in base 2?
-11101111000
Convert 24675 (base 11) to base 14.
cc98
3204 (base 10) to base 14
124c
Convert 1b5d (base 16) to base 11.
5299
What is 2b02 (base 16) in base 13?
501c
What is -134 (base 7) in base 15?
-4e
What is 1122001 (base 3) in base 8?
2245
Convert -445 (base 7) to base 8.
-345
-b1b0 (base 16) to base 4
-23012300
3516 (base 11) to base 3
20022221
Convert 1030 (base 7) to base 14.
1c0
Convert -10111010000010111 (base 2) to base 12.
-4715b
-5ba5 (base 12) to base 3
-112012022
What is 36312 (base 7) in base 4?
2103021
Convert -5043 (base 7) to base 8.
-3322
Convert -23400 (base 8) to base 13.
-4710
1995 (base 12) to base 10
3137
Convert -111001101100 (base 2) to base 8.
-7154
4b7 (base 15) to base 9
1421
What is -1e1 (base 16) in base 7?
-1255
1a4b (base 14) to base 2
1001010100011
Convert 27151 (base 12) to base 3.
2201202121
21200 (base 3) to base 5
1312
100402 (base 5) to base 11
2474
What is 10101010010100 (base 2) in base 8?
25224
What is -66 (base 11) in base 14?
-52
Convert 60fa (base 16) to base 8.
60372
6b04 (base 15) to base 4
11203021
What is -205 (base 7) in base 9?
-124
Convert 202102 (base 3) to base 2.
1000100111
What is -77 (base 9) in base 12?
-5a
-27a (base 13) to base 12
-307
What is -203120 (base 5) in base 11?
-5005
-13b14 (base 12) to base 14
-a05a
What is -44423 (base 5) in base 8?
-6051
Convert 1544 (base 14) to base 11.
2930
-10102111 (base 3) to base 2
-100111000001
What is 3487 (base 16) in base 13?
6